511 is divided by 94.
59
Calculate the remainder when 473862 is divided by 157951.
9
Calculate the remainder when 46072 is divided by 648.
64
Calculate the remainder when 1507 is divided by 43.
2
What is the remainder when 11213 is divided by 42?
41
What is the remainder when 377718 is divided by 17167?
44
Calculate the remainder when 32271 is divided by 10716.
123
What is the remainder when 9418 is divided by 16?
10
What is the remainder when 1322117 is divided by 126?
125
Calculate the remainder when 488438 is divided by 488437.
1
What is the remainder when 853 is divided by 523?
330
Calculate the remainder when 964 is divided by 900.
64
Calculate the remainder when 14178 is divided by 955.
808
What is the remainder when 3458074 is divided by 114?
112
What is the remainder when 222143 is divided by 56?
47
What is the remainder when 50004 is divided by 98?
24
What is the remainder when 689902 is divided by 216?
214
What is the remainder when 5599 is divided by 1143?
1027
Calculate the remainder when 431 is divided by 154.
123
What is the remainder when 2938 is divided by 41?
27
What is the remainder when 660918 is divided by 12?
6
What is the remainder when 5583231 is divided by 7?
3
What is the remainder when 79622 is divided by 245?
242
Calculate the remainder when 22329 is divided by 186.
9
Calculate the remainder when 9910 is divided by 1211.
222
Calculate the remainder when 599381 is divided by 150.
131
What is the remainder when 28289 is divided by 4712?
17
What is the remainder when 3947 is divided by 562?
13
What is the remainder when 245021 is divided by 124?
121
Calculate the remainder when 11343264 is divided by 19.
17
Calculate the remainder when 14512 is divided by 7255.
2
Calculate the remainder when 16744 is divided by 6.
4
What is the remainder when 3191 is divided by 240?
71
What is the remainder when 5191 is divided by 29?
0
What is the remainder when 6542 is divided by 736?
654
What is the remainder when 623 is divided by 156?
155
What is the remainder when 80319 is divided by 10?
9
Calculate the remainder when 6968 is divided by 860.
88
Calculate the remainder when 536 is divided by 220.
96
What is the remainder when 89473 is divided by 44734?
5
What is the remainder when 41326 is divided by 146?
8
What is the remainder when 1471 is divided by 1238?
233
Calculate the remainder when 599601 is divided by 19.
18
Calculate the remainder when 20054 is divided by 1182.
1142
What is the remainder when 13664 is divided by 6823?
18
Calculate the remainder when 307127 is divided by 171.
11
What is the remainder when 55649 is divided by 357?
314
Calculate the remainder when 246942 is divided by 489.
486
What is the remainder when 4051 is divided by 64?
19
Calculate the remainder when 1989 is divided by 37.
28
Calculate the remainder when 4222 is divided by 33.
31
What is the remainder when 8106107 is divided by 1394?
1391
What is the remainder when 339 is divided by 147?
45
What is the remainder when 17665 is divided by 8736?
193
What is the remainder when 185848 is divided by 126?
124
Calculate the remainder when 8582 is divided by 189.
77
What is the remainder when 4895 is divided by 25?
20
What is the remainder when 257541 is divided by 504?
501
What is the remainder when 44118 is divided by 357?
207
Calculate the remainder when 4523 is divided by 346.
25
What is the remainder when 2702 is divided by 511?
147
What is the remainder when 37717 is divided by 69?
43
Calculate the remainder when 778979 is divided by 18.
11
Calculate the remainder when 17979 is divided by 124.
123
Calculate the remainder when 551 is divided by 524.
27
Calculate the remainder when 111514 is divided by 120.
34
Calculate the remainder when 1311 is divided by 654.
3
What is the remainder when 6341 is divided by 129?
20
What is the remainder when 299902 is divided by 132?
130
What is the remainder when 2214 is divided by 157?
16
Calculate the remainder when 8407 is divided by 931.
28
What is the remainder when 30478 is divided by 136?
14
Calculate the remainder when 1969 is divided by 14.
9
What is the remainder when 2095 is divided by 115?
25
What is the remainder when 570021 is divided by 378?
375
What is the remainder when 63972 is divided by 4264?
12
What is the remainder when 205938 is divided by 10?
8
Calculate the remainder when 108100 is divided by 604.
588
Calculate the remainder when 106313 is divided by 282.
281
Calculate the remainder when 39565 is divided by 25.
15
Calculate the remainder when 3293 is divided by 432.
269
What is the remainder when 160708 is divided by 53566?
10
Calculate the remainder when 9248 is divided by 3080.
8
What is the remainder when 4672 is divided by 3125?
1547
What is the remainder when 287111 is divided by 168?
167
Calculate the remainder when 277217 is divided by 18.
17
Calculate the remainder when 163211 is divided by 11.
4
What is the remainder when 201420 is divided by 14?
2
Calculate the remainder when 3032 is divided by 345.
272
Calculate the remainder when 1191252 is divided by 11.
7
What is the remainder when 3721 is divided by 849?
325
Calculate the remainder when 5569 is divided by 1604.
757
Calculate the remainder when 14477 is divided by 2059.
64
Calculate the remainder when 3567 is divided by 601.
562
Calculate the remainder when 4751 is divided by 27.
26
Calculate the remainder when 33569 is divided by 83.
37
Calculate the remainder when 25415 is divided by 4227.
53
What is the remainder when 1010149 is divided by 7?
0
Calculate the remainder when 122 is divided by 4.
2
Calculate the remainder when 20244 is divided by 16.
4
Calculate the remainder when 55799 is divided by 209.
205
What is the remainder when 191283 is divided by 18?
15
What is the remainder when 4884622 is divided by 1894?
1890
Calculate the remainder when 190628 is divided by 26.
22
What is the remainder when 22927 is divided by 273?
268
Calculate the remainder when 5212 is divided by 814.
328
Calculate the remainder when 215860 is divided by 43172.
0
Calculate the remainder when 175234 is divided by 3129.
10
What is the remainder when 10345829 is divided by 110?
109
Calculate the remainder when 43322 is divided by 182.
6
What is the remainder when 33002 is divided by 32995?
7
What is the remainder when 12280 is divided by 5805?
670
What is the remainder when 13329 is divided by 6653?
23
What is the remainder when 46111 is divided by 1356?
7
Calculate the remainder when 5032 is divided by 18.
10
What is the remainder when 3249 is divided by 783?
117
Calculate the remainder when 874342 is divided by 51.
49
Calculate the remainder when 97499 is divided by 70.
59
What is the remainder when 6790 is divided by 1000?
790
Calculate the remainder when 889 is divided by 9.
7
What is the remainder when 133809 is divided by 2158?
13
Calculate the remainder when 2999 is divided by 158.
155
What is the remainder when 9854 is divided by 2028?
1742
What is the remainder when 40606 is divided by 158?
0
Calculate the remainder when 1105 is divided by 16.
1
What is the remainder when 258 is divided by 169?
89
Calculate the remainder when 34256 is divided by 20.
16
What is the remainder when 31243 is divided by 15602?
39
Calculate the remainder when 86032 is divided by 566.
0
Calculate the remainder when 113584 is divided by 22712.
24
Calculate the remainder when 592 is divided by 123.
100
What is the remainder when 704 is divided by 138?
14
Calculate the remainder when 762 is divided by 58.
8
Calculate the remainder when 18108 is divided by 502.
36
What is the remainder when 91736 is divided by 577?
570
What is the remainder when 51525 is divided by 10?
5
What is the remainder when 475654 is divided by 7550?
4
Calculate the remainder when 1226302 is divided by 15.
7
Calculate the remainder when 1229692 is divided by 8090.
12
What is the remainder when 10281 is divided by 724?
145
Calculate the remainder when 56103 is divided by 14023.
11
What is the remainder when 35886 is divided by 241?
218
Calculate the remainder when 7084 is divided by 6500.
584
Calculate the remainder when 3303 is divided by 652.
43
What is the remainder when 7840 is divided by 15?
10
Calculate the remainder when 36699 is divided by 32.
27
What is the remainder when 312911 is 